ist the prime factors of a(6).
2, 13
Let v(h) = h. Let y be v(9). Suppose y + 1 = 5*r. What are the prime factors of (-3)/((-50)/22 + r)?
11
Suppose 3*c + 5*r + 307 = 4*c, -3*r = 2*c - 562. Let k = c - 128. List the prime factors of k.
3, 53
Let q = 2 + 3. Suppose -q*d - 5*p - 342 = 38, -d = -4*p + 76. Let z = -32 - d. What are the prime factors of z?
2, 11
Let k = 987 - 331. Suppose 0 = 13*g - 5*g - k. List the prime factors of g.
2, 41
Suppose 0 = 6*w + 440 - 3230. What are the prime factors of w?
3, 5, 31
Suppose 0 = i - 4*r - 4016, -85*r = -5*i - 83*r + 19990. What are the prime factors of i?
2, 3, 37
Let h = 197 + 432. List the prime factors of h.
17, 37
Let k = 16 - -97. What are the prime factors of k?
113
Let w(o) be the third derivative of o**5/60 - 5*o**4/24 + 5*o**3/3 + 4*o**2. List the prime factors of w(7).
2, 3
Let a = -163 - -240. Suppose -a = -2*j + 145. What are the prime factors of j?
3, 37
Let q = 38 - 38. Suppose -4*k - 16 = q, k + 142 = x + 4*k. What are the prime factors of x?
2, 7, 11
Let h(d) = 6*d**2 - 2*d + 5. Let p(b) = -2*b**2 - 1. Let i be p(-1). Let s be h(i). Suppose -4*n + s = -55. What are the prime factors of n?
2, 3, 5
Suppose v - 4*v = -1329. Suppose -4*s + v = -33. What are the prime factors of s?
7, 17
Let o be 29/(-4)*(-17 + 21). Let c = o + 32. List the prime factors of c.
3
Let n = 46 - -62. Let g = -61 + n. List the prime factors of g.
47
Suppose -4*q = -3*q - 1, 101 = 3*b + 5*q. What are the prime factors of b?
2
Suppose 5*p - v - 2390 = -751, 969 = 3*p + 3*v. What are the prime factors of p?
3, 109
Suppose 0 = 58*m - 83*m + 33850. What are the prime factors of m?
2, 677
Let k(s) = 73*s**2 - 12*s - 12. What are the prime factors of k(6)?
2, 3, 53
Suppose 18*m - 14*m = 1964. List the prime factors of m.
491
Suppose 0 = 5*q + 2*l + 4 - 33, l + 3 = q. Suppose -2*g + 5*g = 2*h + 109, 2*g + q*h - 98 = 0. List the prime factors of g.
3, 13
Let u be 2/5 - 0 - (-1026)/(-15). Let n = -22 - u. List the prime factors of n.
2, 23
Let m(y) = -y**3 - 2*y**2 - 30*y - 198. What are the prime factors of m(-12)?
2, 3, 89
Let m(j) = -3*j + 2. Let k(o) = -o - 1. Let n(v) = v**2 - v + 1. Let h be n(1). Let b(x) = h*m(x) - 2*k(x). What are the prime factors of b(-10)?
2, 7
Suppose -h = -6*h + p + 3905, p + 2345 = 3*h. What are the prime factors of h?
2, 3, 5, 13
Let h(r) = 5*r + 104. List the prime factors of h(40).
2, 19
List the prime factors of ((-8)/6)/(-3 + (-6190)/(-2070)).
2, 3, 23
Suppose 512 = 4*b + 4*q, 5*b - 6*b = -4*q - 128. What are the prime factors of b?
2
Suppose -c - c + i - 1 = 0, 5*i - 17 = 4*c. Suppose 0*a - c = -a. Suppose 4*j + a*l - 61 = l, -4*l + 34 = j. What are the prime factors of j?
2, 7
List the prime factors of 48876/15 - (-15)/25.
3259
Suppose 0 = -4*b + 18*b + 56. List the prime factors of (b + 4/(-1))/(2/(-46)).
2, 23
Let y(u) = -u - 1. Let w be (-2 + 0 + 5)/1. Let v(p) = -p**2 + 2*p - 3. Let c be v(w). List the prime factors of y(c).
5
Suppose -2*c + 3*f = -c + 7, -2*c = -5*f + 11. Suppose 3*j = 4*t - 339, -5*j = 3*t - c*t - 102. Suppose t = p + 21. What are the prime factors of p?
2, 3, 11
Suppose q = 3*o + 2892 - 368, -2*q = 4*o - 5018. List the prime factors of q.
5, 503
Let m = -485 - -1747. What are the prime factors of m?
2, 631
Suppose 22*a + 25147 = 79861. What are the prime factors of a?
3, 829
Let b = 18 + -20. What are the prime factors of 54 + b + (-6)/2?
7
Suppose 2*g = g + 1062. Suppose -y - 5*y = g. What are the prime factors of (-9)/36 - y/4?
2, 11
Let d be (0 + 0 + 2)*2. Suppose -d = -2*i - 0. Suppose -4*z - z + 10 = -i*v, 3*v = 2*z + 7. What are the prime factors of v?
5
List the prime factors of 773/((-19)/(-3) - (-6 - -12)).
3, 773
Suppose -2*j = -g - 20 - 3, 5*g = -2*j + 53. Suppose -2*c + j = -c. Let i(q) = -q**2 + 18*q - 13. What are the prime factors of i(c)?
43
Let y = 457 + 1348. List the prime factors of y.
5, 19
Let h = 66 - 62. Suppose -g + 67 = -h*b, g = -5*b + 55 + 21. What are the prime factors of g?
71
Suppose -a + 4*h = -72, a - h - 44 = 40. Let f = -24 + a. List the prime factors of f.
2
Let o be ((1 - 1) + -1)/((-1)/5). Suppose -o*h = 5*a - 595, -3*a = a + 5*h - 481. What are the prime factors of a?
2, 3, 19
Let y(f) = 7*f - 5. Let v = -57 - -67. What are the prime factors of y(v)?
5, 13
Suppose 2*g - 33*g = -16833. What are the prime factors of g?
3, 181
Suppose 3*s = -2*s + 15. Suppose 0*y - s*y + 105 = 0. What are the prime factors of y?
5, 7
Let f(w) = 2*w + 4. Let n be f(0). Suppose -4*l = -4*v - 60, 39 = -n*v - 0*l - 3*l. List the prime factors of ((-3)/2)/(6/v).
3
Let g be (6/(-3))/(-5 + 4). What are the prime factors of -177*2/(-12)*g?
59
Let g(q) = -18*q**2 + 56*q**2 - 2*q + 27*q**2 + 2 - q. What are the prime factors of g(1)?
2
Suppose 0 = -2*r - 2*z + 20, 6*r + 2*z = 2*r + 32. Suppose -3*g + 9 = 2*p - 13, -4*g = 3*p - 31. Suppose g*f - r*f + 20 = 0. What are the prime factors of f?
2, 5
Suppose 8 + 166 = 2*l. Suppose -5*i = -108 - l. What are the prime factors of i?
3, 13
Suppose -41*f + 3*f = -14250. List the prime factors of f.
3, 5
Suppose -10*g + 12*g - 4 = 0. Let q be (196/(-35))/(g/(-30)). List the prime factors of (2 + q)/2*1.
43
Suppose 4*y - 3*f - 23 = 0, -4*y - 2*f + 3 = -3*y. Suppose 0 = -5*u + 19 + 21. Let s = u - y. What are the prime factors of s?
3
Suppose -3*z - 594 = -4*z + 5*p, -2*z + p + 1143 = 0. List the prime factors of z.
569
Let k(x) = -11*x - 10. Let t be k(-3). Suppose 3523 = t*p + 303. What are the prime factors of p?
2, 5, 7
Let y(i) = 3*i**3 - 14*i**2 + 12*i - 1. Let m(j) = -7*j**3 + 27*j**2 - 23*j + 3. Let p(o) = -2*m(o) - 5*y(o). List the prime factors of p(14).
3, 5, 13
Suppose 2*f - 900 = -z + 6*z, -1329 = -3*f - 3*z. What are the prime factors of f?
5, 89
Let n = 6088 + -1594. What are the prime factors of n?
2, 3, 7, 107
Suppose 0 = -x + k + 36, 0 = 5*x + 5*k - 162 + 12. What are the prime factors of x?
3, 11
Suppose -5*l + 280 = 4*g, -4*l + 8*l - 3*g - 255 = 0. What are the prime factors of l?
2, 3, 5
Let g = -859 - -1564. What are the prime factors of g?
3, 5, 47
Let m(q) = -q**2 - 6*q - 5. Let d be m(-6). Let r = d - -7. List the prime factors of 4/(-7)*(-91)/r.
2, 13
Let h(a) = -2*a**3 + 45*a**2 - 143*a - 25. List the prime factors of h(15).
5, 241
Let q(c) = c**3 - c**2 + 26*c + 21. List the prime factors of q(9).
3, 7, 43
Let s = -24 + 22. Let l be s - (-272 + 4)/4. Suppose 4*t = 5*t - l. List the prime factors of t.
5, 13
Suppose -7*l + 6490 = -19718. List the prime factors of l.
2, 3, 13
Suppose 33*d = 3*k + 28*d - 2384, 0 = 4*k - 4*d - 3168. What are the prime factors of k?
2, 197
Let h = 157 + -740. Let f = -359 - h. List the prime factors of f.
2, 7
Let m = -11 - -29. Suppose 0 = 2*k + 4*o + m, k - 5*o = -30 - 0. What are the prime factors of (-3)/(k - -3)*28?
7
Let m(c) = 131*c**2 - 8*c + 3. List the prime factors of m(2).
7, 73
Suppose -2*h + 3*h = -j + 1, 0 = -3*j - 5*h - 5. Suppose -47 = -w - 0*z + z, j*w - 225 = 3*z. What are the prime factors of w?
2, 3, 7
Suppose 0 = 6*p - 11311 - 3635. List the prime factors of p.
47, 53
Suppose -1 = -3*b + 11. Suppose -b*i = -117 - 3. Let y = i + -18. List the prime factors of y.
2, 3
Let n be -2 + (2 - 1)*590. Suppose 5*d - n = -4*q, d + q = -1 + 119. List the prime factors of d.
2, 29
Let l(s) = s + 7. Let c(k) = -k**2 + 8*k + 2. Let z be c(9). Let r be l(z). Let p = r + 9. What are the prime factors of p?
3
Let u = 753 + -791. Suppose 4*g = 5*a - a - 340, a - 82 = 2*g. Let y = a + u. List the prime factors of y.
2, 5
Suppose -3*x + 79 = p + p, 4*p = -2*x + 66. Suppose 3*f - 4*g = 2*f + 13, -4*g = 3*f - x. What are the prime factors of f/1 + (-1 - 1)?
7
Suppose -73325 = -0*k - 35*k. What are the prime factors of k?
5, 419
Let i(j) be the first derivative of -j**3/3 + 5*j**2/2 + 7*j - 1. Let l(s) = s**2 + 19*s + 5. Let c be l(-19). List the prime factors of i(c).
7
Let x = -244 + 378. Suppose u = 2*h + 5*u - x, 170 = 2*h - 5*u. What are the prime factors of h?
3, 5
Let a = -11 + 66. Let g be 6/((-14)/4 + 5). Suppose g*c = -a + 175. List the prime factors of c.
2, 3, 5
Suppose -3*f = -16 + 1. Suppose g + g = f*v + 44, 26 = -4*v - 3*g. Let u = 28 + v. What are the prime factors of u?
2, 5
Suppose 19*m - 26415 = 11699. What are the prime factors of m?
2